greatest common divisor of 264 and y.
66
Let h(z) be the second derivative of z**4/4 - 5*z**3/6 + 35*z**2 - 121*z. Let j be h(12). What is the greatest common divisor of j and 52?
26
Suppose -38*n + 8*n + 3960 = 0. Let v(q) = 81*q - 1. Let t be v(1). Let o = n - t. What is the greatest common divisor of 13 and o?
13
Let l be (-2 + (-99)/(-36))/(4/(-16)). Let r be l/6*(-1)/((-3)/(-48)). Suppose -91 = -m + 61. What is the greatest common factor of m and r?
8
Suppose -50 = -3*t - 5. Suppose -52*a + 41*a + 639 + 21 = 0. What is the greatest common divisor of a and t?
15
Let a be (10 - 7)/(-3*(-3)/(-570)). Let k be ((-19)/(a/84))/(4/10). Calculate the highest common factor of k and 441.
21
Let m = -85 - -48. Let q = -35 - m. Suppose -j - q = -170. Calculate the highest common divisor of j and 24.
24
Let v(i) = i**2 - 33*i + 54. Let s be v(10). Let o be (-66)/s - (-954)/16. What is the greatest common divisor of 24 and o?
12
Let a(j) = -28*j**2 + 3. Let p be a(2). Let t = p - -141. Calculate the highest common divisor of 24 and t.
8
Let t be (-4)/(-12)*6 + -32. Let u be ((-88)/(-4) - 10)*(-1 - t). Calculate the highest common factor of 12 and u.
12
Let o(w) = -3 - 9*w**3 + 0*w**3 + 12 + 9*w + 8*w**3 + 3 + 4*w**2. Let t be o(-4). What is the highest common divisor of 13 and t?
13
Let h be (2*378/(-144))/(1/(-116)). What is the greatest common divisor of 441 and h?
21
Let s = 8035 + -7832. Let y(r) = 7*r - 7. Let m be y(5). Suppose -t + f + 0*f + m = 0, -f = 3*t - 88. What is the greatest common divisor of s and t?
29
Suppose 0 = 4*j - j - 51. Let y = 37 - j. Suppose 331 = 5*h + 5*r + 131, 4*r = h - y. What is the highest common factor of h and 12?
12
Suppose 0 = 21*c + 185 - 1970 - 672. What is the highest common divisor of 747 and c?
9
Suppose 0 = 5*j + 2*i - 1475, 4*i - 295 = 2*j - 3*j. Let f = 316 - j. What is the greatest common factor of 441 and f?
21
Let l be 9*-1*(1 + -2) + 237. What is the greatest common divisor of l and 2296?
82
Let k be (-14)/(-21)*3834 + 0. Suppose -4*j = 5*j - k. Calculate the highest common factor of 213 and j.
71
Let t(u) = 17 + u**2 + 16 - 3*u - 31. Let b be t(-3). Calculate the highest common divisor of b and 60.
20
Let p = 124 - 23. Suppose 40*i - w + 2 = 39*i, i + 4*w = 28. Suppose 0 = -i*h - 21 + p. What is the greatest common factor of h and 2?
2
Let b be ((-72)/(-32))/(1/(-36)). Let w = b + 153. Let d be (-100)/75*(2 + (-35)/4). What is the highest common factor of w and d?
9
Suppose -13377 = -14*n - 5*a - 3534, -n + 3*a + 693 = 0. What is the highest common factor of n and 1248?
78
Suppose -4 = f - 4*f + 2*c, 4 = f - 2*c. Suppose -15*a + 120 = 5*s - 13*a, -2*s + a + 57 = f. What is the greatest common factor of s and 598?
26
Suppose -3*n = -8*b - 3, 9*n - 12*n = 3*b - 3. What is the highest common factor of n and 60?
1
Let i be ((-40)/15)/(-8) + 4/6. Suppose w - 4*u + i = 8, 5*u = 0. Suppose 0 = 2*a - a - w. What is the greatest common divisor of a and 1?
1
Suppose 3*h - 4*h + 3*n = -92, 2*h - n = 204. Suppose 24*q = h + 112. Calculate the highest common factor of 81 and q.
9
Suppose s - 643*p - 5087 = -644*p, 3*s - 3*p = 15267. What is the greatest common factor of 120 and s?
24
Let o(a) = 56*a**2 + 42*a - 101. Let b be o(7). Calculate the greatest common factor of b and 132.
33
Suppose 85*d + 21021 = 124*d. What is the highest common factor of d and 1925?
77
Let n = 3114 - 3099. What is the highest common factor of 17580 and n?
15
Suppose 912 = 48*n - 385 + 1. Calculate the highest common divisor of 3078 and n.
27
Let a = 149 - 146. Let h be (7 - a) + 3*536/6. What is the highest common divisor of 32 and h?
16
Suppose -o + 14 + 32 = 0. Suppose 135 = k - 15*c + 14*c, -2*k + 264 = -4*c. What is the highest common divisor of o and k?
46
Let c be ((-35)/15)/((-3015)/(-432) + -7). What is the highest common factor of 98 and c?
14
Suppose 6*h = -24, -3*q = h - 1869 - 9350. Calculate the greatest common divisor of q and 129.
129
Let u = -165 + 366. Suppose 47*l = -9543 + 25805. Let j = l - u. Calculate the highest common factor of 58 and j.
29
Let n = 104 - -22. Suppose -2*b = -5*l - 61, 5*b - 67 = -2*l + 13. What is the greatest common divisor of n and b?
18
Let c be ((-46)/(-23) - (-203)/2)/((-2)/(-4)). Calculate the greatest common factor of 828 and c.
207
Suppose -3935 = -5*c - 2*y, -5*y = 34 - 9. Calculate the highest common divisor of 3 and c.
3
Suppose -69*g - 11*g + 3840 = 0. What is the greatest common divisor of 800 and g?
16
Suppose 1241*t - 1095*t - 167170 = 0. Calculate the highest common factor of 5 and t.
5
Let v be (-2)/(1*8/28). Let m(j) = 10*j + 28. Let t be m(v). Let u = 45 + t. What is the greatest common divisor of 24 and u?
3
Suppose 614 + 1262 = -7*l. Let i = -226 - l. Calculate the highest common factor of 12 and i.
6
Let q = -44988 + 49150. Calculate the greatest common factor of 2 and q.
2
Suppose -5*m = 4*j + 10, 3*j = 6*m + 12 - 0. Suppose -41*p + 1688 + 2740 = j. What is the highest common factor of p and 6?
6
Let r be (13 + -1 + -14)*-69*22/4. Calculate the greatest common factor of r and 1587.
69
Suppose -3 - 2 = 5*g. Let j be (-175)/35 + (-80)/g. Calculate the highest common divisor of j and 25.
25
Suppose 0 = 6*b - 1068 + 1050. Let f be (-83 + -19)*((-2)/b)/1. What is the highest common factor of f and 238?
34
Let f(c) = -10143*c + 1387. Let z be f(-1). What is the highest common divisor of 20 and z?
10
Let h(d) = d**2 + 3*d + 2. Let l be 2 + (0 - (2 - 3)). Let r be h(l). Let m(x) = 278*x - 2044. Let k be m(8). Calculate the highest common factor of r and k.
20
Let q(c) = -185*c + 831. Let l be q(4). Calculate the greatest common factor of 1027 and l.
13
Let v(i) = -1025*i + 301. Let o be v(-9). What is the greatest common divisor of 22 and o?
22
Let g be 1005*4/8*(-10)/(-15). Let m = -258 + g. Suppose 4*k - 5*s - 39 = 0, -s + 1 + 0 = 0. What is the highest common factor of k and m?
11
Let z = -58 + 130. Let g be 39/(-10 - 1236/(-120)). Let r = g - z. Calculate the highest common divisor of r and 145.
29
Let x be -50*-2*7 + -59 + 64. Calculate the highest common divisor of x and 423.
141
Let o(r) = 0*r**2 - 4*r**2 - 10 + 3*r**2 - 19*r + 5*r**2 + r**3. Let h be o(-6). What is the highest common divisor of 320 and h?
32
Suppose -324*r + 5568 = -276*r. Calculate the greatest common divisor of r and 5684.
116
Let n be -22*2/((-96)/984). What is the highest common factor of 1271 and n?
41
Suppose -10*r + 11*r - 5694 = -3*v, -r + 16*v + 5694 = 0. What is the greatest common factor of r and 390?
78
Let h(s) = s**3 - 4*s**2 + 2*s - 5. Let w be h(4). Suppose 0 = -8*o + 3583 - 1471. Let y be (4/(-16))/((-2)/o). What is the greatest common factor of w and y?
3
Let x be -1 + 3/1*16/(-12). Let u(h) = h**2 + 8*h + 10. Let l be u(x). Let g be (15 - -5)*(-4)/l. What is the highest common factor of 8 and g?
8
Let z be ((-24)/(-5))/((-10)/(-50)). Let y = -65 - -67. Suppose 6*v + 38 = q + v, -y*q = -v - 40. Calculate the highest common divisor of q and z.
6
Let m be -1 - 0 - (1 - 14). Let y = -102 - -109. Suppose 26 + 35 = 5*v - l, 5*l - y = -v. What is the greatest common divisor of v and m?
12
Let g = 10 + -7. Suppose -4 = -5*z + g*z. Suppose -53*w + 48*w + 4*c = -80, -5*w - 5*c + 80 = 0. What is the greatest common factor of w and z?
2
Let r be (-2)/4*-24*408/48. Suppose -3*l + 1632 = 3*l. Calculate the greatest common factor of r and l.
34
Suppose -2*g + 6*g = 4*o - 3556, 5*g = 4*o - 3560. What is the highest common factor of o and 15?
15
Let z = 38 + -34. Suppose z*u = -3*q - q + 32, -5*u = 15. Let p = 93 - 71. What is the greatest common divisor of p and q?
11
Suppose 0 = 4*i - 3*i - 737. Suppose 5*b - 5*r - 128 = 197, -5*b - 5*r + 345 = 0. What is the greatest common divisor of i and b?
67
Suppose -97*a + 47*a = -43*a - 252. Let m be (-2)/9 - 14378/(-63). Calculate the greatest common divisor of a and m.
12
Suppose -3*x + 24 = 3*x. Let z(s) = -150*s + 1354. Let w be z(9). What is the highest common factor of w and x?
4
Let v(r) = 39*r - 105. Let z be v(28). Suppose -2861 = -13*q + z. Calculate the greatest common factor of 16 and q.
8
Suppose 37*y - 41*y = -72. Let t = -97 - -101. Suppose 4*h + q = 12, -5*h - q - t*q = -15. Calculate the highest common factor of h and y.
3
Suppose -c = 3*l 